[INFO] cloning repository https://github.com/hummingly/simple-window-rs
[INFO] running `Command { std: "git" "-c" "credential.helper=" "-c" "credential.helper=/workspace/cargo-home/bin/git-credential-null" "clone" "--bare" "https://github.com/hummingly/simple-window-rs" "/workspace/cache/git-repos/https%3A%2F%2Fgithub.com%2Fhummingly%2Fsimple-window-rs", kill_on_drop: false }`
[INFO] [stderr] Cloning into bare repository '/workspace/cache/git-repos/https%3A%2F%2Fgithub.com%2Fhummingly%2Fsimple-window-rs'...
[INFO] running `Command { std: "git" "rev-parse" "HEAD", kill_on_drop: false }`
[INFO] [stdout] 1665301327cab72d529cb5e3a65067be2d391b25
[INFO] checking hummingly/simple-window-rs against try#72f88fc4e9458f89516a0b8b0868f3718aec5b47 for pr-74989
[INFO] running `Command { std: "git" "clone" "/workspace/cache/git-repos/https%3A%2F%2Fgithub.com%2Fhummingly%2Fsimple-window-rs" "/workspace/builds/worker-0/source", kill_on_drop: false }`
[INFO] [stderr] Cloning into '/workspace/builds/worker-0/source'...
[INFO] [stderr] done.
[INFO] validating manifest of git repo https://github.com/hummingly/simple-window-rs on toolchain 72f88fc4e9458f89516a0b8b0868f3718aec5b47
[INFO] running `Command { std: "/workspace/cargo-home/bin/cargo" "+72f88fc4e9458f89516a0b8b0868f3718aec5b47" "read-manifest" "--manifest-path" "Cargo.toml", kill_on_drop: false }`
[INFO] started tweaking git repo https://github.com/hummingly/simple-window-rs
[INFO] finished tweaking git repo https://github.com/hummingly/simple-window-rs
[INFO] tweaked toml for git repo https://github.com/hummingly/simple-window-rs written to /workspace/builds/worker-0/source/Cargo.toml
[INFO] crate git repo https://github.com/hummingly/simple-window-rs already has a lockfile, it will not be regenerated
[INFO] running `Command { std: "/workspace/cargo-home/bin/cargo" "+72f88fc4e9458f89516a0b8b0868f3718aec5b47" "fetch" "--locked" "--manifest-path" "Cargo.toml", kill_on_drop: false }`
[INFO] running `Command { std: "docker" "create" "-v" "/var/lib/crater-agent-workspace/builds/worker-0/target:/opt/rustwide/target:rw,Z" "-v" "/var/lib/crater-agent-workspace/builds/worker-0/source:/opt/rustwide/workdir:ro,Z" "-v" "/var/lib/crater-agent-workspace/cargo-home:/opt/rustwide/cargo-home:ro,Z" "-v" "/var/lib/crater-agent-workspace/rustup-home:/opt/rustwide/rustup-home:ro,Z" "-e" "SOURCE_DIR=/opt/rustwide/workdir" "-e" "CARGO_TARGET_DIR=/opt/rustwide/target" "-e" "CARGO_HOME=/opt/rustwide/cargo-home" "-e" "RUSTUP_HOME=/opt/rustwide/rustup-home" "-w" "/opt/rustwide/workdir" "-m" "1610612736" "--user" "0:0" "--network" "none" "rustops/crates-build-env@sha256:d92eaeed33fa75130ca1ee6c8a01d1ffb62bac859dfdfb3450e3e5d1c0146529" "/opt/rustwide/cargo-home/bin/cargo" "+72f88fc4e9458f89516a0b8b0868f3718aec5b47" "metadata" "--no-deps" "--format-version=1", kill_on_drop: false }`
[INFO] [stdout] c901d612f9bc7802d2bd0cfdb7c7068ebbcae979d1e961ab5ddaef69b3e7ea29
[INFO] [stderr] WARNING: Your kernel does not support swap limit capabilities or the cgroup is not mounted. Memory limited without swap.
[INFO] running `Command { std: "docker" "start" "-a" "c901d612f9bc7802d2bd0cfdb7c7068ebbcae979d1e961ab5ddaef69b3e7ea29", kill_on_drop: false }`
[INFO] running `Command { std: "docker" "inspect" "c901d612f9bc7802d2bd0cfdb7c7068ebbcae979d1e961ab5ddaef69b3e7ea29", kill_on_drop: false }`
[INFO] running `Command { std: "docker" "rm" "-f" "c901d612f9bc7802d2bd0cfdb7c7068ebbcae979d1e961ab5ddaef69b3e7ea29", kill_on_drop: false }`
[INFO] [stdout] c901d612f9bc7802d2bd0cfdb7c7068ebbcae979d1e961ab5ddaef69b3e7ea29
[INFO] running `Command { std: "docker" "create" "-v" "/var/lib/crater-agent-workspace/builds/worker-0/target:/opt/rustwide/target:rw,Z" "-v" "/var/lib/crater-agent-workspace/builds/worker-0/source:/opt/rustwide/workdir:ro,Z" "-v" "/var/lib/crater-agent-workspace/cargo-home:/opt/rustwide/cargo-home:ro,Z" "-v" "/var/lib/crater-agent-workspace/rustup-home:/opt/rustwide/rustup-home:ro,Z" "-e" "SOURCE_DIR=/opt/rustwide/workdir" "-e" "CARGO_TARGET_DIR=/opt/rustwide/target" "-e" "CARGO_INCREMENTAL=0" "-e" "RUST_BACKTRACE=full" "-e" "RUSTFLAGS=--cap-lints=forbid" "-e" "CARGO_HOME=/opt/rustwide/cargo-home" "-e" "RUSTUP_HOME=/opt/rustwide/rustup-home" "-w" "/opt/rustwide/workdir" "-m" "1610612736" "--user" "0:0" "--network" "none" "rustops/crates-build-env@sha256:d92eaeed33fa75130ca1ee6c8a01d1ffb62bac859dfdfb3450e3e5d1c0146529" "/opt/rustwide/cargo-home/bin/cargo" "+72f88fc4e9458f89516a0b8b0868f3718aec5b47" "check" "--frozen" "--all" "--all-targets" "--message-format=json", kill_on_drop: false }`
[INFO] [stdout] 0138f7813b094b6e6773aa6f51e2ef8d251210397fe4f233d8f1e0595e5a4afe
[INFO] [stderr] WARNING: Your kernel does not support swap limit capabilities or the cgroup is not mounted. Memory limited without swap.
[INFO] running `Command { std: "docker" "start" "-a" "0138f7813b094b6e6773aa6f51e2ef8d251210397fe4f233d8f1e0595e5a4afe", kill_on_drop: false }`
[INFO] [stderr]    Compiling winapi-build v0.1.1
[INFO] [stderr]     Checking winapi v0.2.8
[INFO] [stderr]    Compiling user32-sys v0.2.0
[INFO] [stderr]    Compiling kernel32-sys v0.2.2
[INFO] [stderr]     Checking bbc v0.1.0 (/opt/rustwide/workdir)
[INFO] [stdout] error[E0433]: failed to resolve: could not find `windows` in `os`
[INFO] [stdout]  --> src/main.rs:8:14
[INFO] [stdout]   |
[INFO] [stdout] 8 | use std::os::windows::ffi::OsStrExt;
[INFO] [stdout]   |              ^^^^^^^ could not find `windows` in `os`
[INFO] [stdout] 
[INFO] [stdout] 
[INFO] [stdout] error[E0432]: unresolved import `kernel32::GetModuleHandleW`
[INFO] [stdout]   --> src/main.rs:11:5
[INFO] [stdout]    |
[INFO] [stdout] 11 | use kernel32::GetModuleHandleW;
[INFO] [stdout]    |     ^^^^^^^^^^^^^^^^^^^^^^^^^^ no `GetModuleHandleW` in the root
[INFO] [stdout] 
[INFO] [stdout] 
[INFO] [stdout] error[E0432]: unresolved imports `user32::CreateWindowExW`, `user32::DefWindowProcW`, `user32::DispatchMessageW`, `user32::GetMessageW`, `user32::MessageBoxW`, `user32::PostQuitMessage`, `user32::RegisterClassW`, `user32::TranslateMessage`
[INFO] [stdout]   --> src/main.rs:12:14
[INFO] [stdout]    |
[INFO] [stdout] 12 | use user32::{CreateWindowExW, DefWindowProcW, DispatchMessageW, GetMessageW, MessageBoxW,
[INFO] [stdout]    |              ^^^^^^^^^^^^^^^  ^^^^^^^^^^^^^^  ^^^^^^^^^^^^^^^^  ^^^^^^^^^^^  ^^^^^^^^^^^ no `MessageBoxW` in the root
[INFO] [stdout]    |              |                |               |                 |
[INFO] [stdout]    |              |                |               |                 no `GetMessageW` in the root
[INFO] [stdout]    |              |                |               no `DispatchMessageW` in the root
[INFO] [stdout]    |              |                no `DefWindowProcW` in the root
[INFO] [stdout]    |              no `CreateWindowExW` in the root
[INFO] [stdout] 13 |              PostQuitMessage, RegisterClassW, TranslateMessage};
[INFO] [stdout]    |              ^^^^^^^^^^^^^^^  ^^^^^^^^^^^^^^  ^^^^^^^^^^^^^^^^ no `TranslateMessage` in the root
[INFO] [stdout]    |              |                |
[INFO] [stdout]    |              |                no `RegisterClassW` in the root
[INFO] [stdout]    |              no `PostQuitMessage` in the root
[INFO] [stdout] 
[INFO] [stdout] 
[INFO] [stdout] error[E0432]: unresolved import `winapi::minwindef`
[INFO] [stdout]   --> src/main.rs:14:13
[INFO] [stdout]    |
[INFO] [stdout] 14 | use winapi::minwindef::{LPARAM, LRESULT, WPARAM};
[INFO] [stdout]    |             ^^^^^^^^^ could not find `minwindef` in `winapi`
[INFO] [stdout] 
[INFO] [stdout] 
[INFO] [stdout] error[E0432]: unresolved import `winapi::windef`
[INFO] [stdout]   --> src/main.rs:15:13
[INFO] [stdout]    |
[INFO] [stdout] 15 | use winapi::windef::{HWND, POINT};
[INFO] [stdout]    |             ^^^^^^ could not find `windef` in `winapi`
[INFO] [stdout] 
[INFO] [stdout] 
[INFO] [stdout] error[E0432]: unresolved import `winapi::winuser`
[INFO] [stdout]   --> src/main.rs:16:13
[INFO] [stdout]    |
[INFO] [stdout] 16 | use winapi::winuser::{CS_HREDRAW, CS_OWNDC, CS_VREDRAW, CW_USEDEFAULT, MB_OK, MSG, WM_DESTROY,
[INFO] [stdout]    |             ^^^^^^^ could not find `winuser` in `winapi`
[INFO] [stdout] 
[INFO] [stdout] 
[INFO] [stdout] error[E0433]: failed to resolve: could not find `windows` in `os`
[INFO] [stdout]  --> src/main.rs:8:14
[INFO] [stdout]   |
[INFO] [stdout] 8 | use std::os::windows::ffi::OsStrExt;
[INFO] [stdout]   |              ^^^^^^^ could not find `windows` in `os`
[INFO] [stdout] 
[INFO] [stdout] 
[INFO] [stdout] error[E0432]: unresolved import `kernel32::GetModuleHandleW`
[INFO] [stdout]   --> src/main.rs:11:5
[INFO] [stdout]    |
[INFO] [stdout] 11 | use kernel32::GetModuleHandleW;
[INFO] [stdout]    |     ^^^^^^^^^^^^^^^^^^^^^^^^^^ no `GetModuleHandleW` in the root
[INFO] [stdout] 
[INFO] [stdout] 
[INFO] [stdout] error[E0432]: unresolved imports `user32::CreateWindowExW`, `user32::DefWindowProcW`, `user32::DispatchMessageW`, `user32::GetMessageW`, `user32::MessageBoxW`, `user32::PostQuitMessage`, `user32::RegisterClassW`, `user32::TranslateMessage`
[INFO] [stdout]   --> src/main.rs:12:14
[INFO] [stdout]    |
[INFO] [stdout] 12 | use user32::{CreateWindowExW, DefWindowProcW, DispatchMessageW, GetMessageW, MessageBoxW,
[INFO] [stdout]    |              ^^^^^^^^^^^^^^^  ^^^^^^^^^^^^^^  ^^^^^^^^^^^^^^^^  ^^^^^^^^^^^  ^^^^^^^^^^^ no `MessageBoxW` in the root
[INFO] [stdout]    |              |                |               |                 |
[INFO] [stdout]    |              |                |               |                 no `GetMessageW` in the root
[INFO] [stdout]    |              |                |               no `DispatchMessageW` in the root
[INFO] [stdout]    |              |                no `DefWindowProcW` in the root
[INFO] [stdout]    |              no `CreateWindowExW` in the root
[INFO] [stdout] 13 |              PostQuitMessage, RegisterClassW, TranslateMessage};
[INFO] [stdout]    |              ^^^^^^^^^^^^^^^  ^^^^^^^^^^^^^^  ^^^^^^^^^^^^^^^^ no `TranslateMessage` in the root
[INFO] [stdout]    |              |                |
[INFO] [stdout]    |              |                no `RegisterClassW` in the root
[INFO] [stdout]    |              no `PostQuitMessage` in the root
[INFO] [stdout] 
[INFO] [stdout] 
[INFO] [stdout] error[E0432]: unresolved import `winapi::minwindef`
[INFO] [stdout]   --> src/main.rs:14:13
[INFO] [stdout]    |
[INFO] [stdout] 14 | use winapi::minwindef::{LPARAM, LRESULT, WPARAM};
[INFO] [stdout]    |             ^^^^^^^^^ could not find `minwindef` in `winapi`
[INFO] [stdout] 
[INFO] [stdout] 
[INFO] [stdout] error[E0432]: unresolved import `winapi::windef`
[INFO] [stdout]   --> src/main.rs:15:13
[INFO] [stdout]    |
[INFO] [stdout] 15 | use winapi::windef::{HWND, POINT};
[INFO] [stdout]    |             ^^^^^^ could not find `windef` in `winapi`
[INFO] [stdout] 
[INFO] [stdout] 
[INFO] [stdout] error[E0432]: unresolved import `winapi::winuser`
[INFO] [stdout]   --> src/main.rs:16:13
[INFO] [stdout]    |
[INFO] [stdout] 16 | use winapi::winuser::{CS_HREDRAW, CS_OWNDC, CS_VREDRAW, CW_USEDEFAULT, MB_OK, MSG, WM_DESTROY,
[INFO] [stdout]    |             ^^^^^^^ could not find `winuser` in `winapi`
[INFO] [stdout] 
[INFO] [stdout] 
[INFO] [stdout] error[E0599]: no method named `encode_wide` found for reference `&OsStr` in the current scope
[INFO] [stdout]   --> src/main.rs:21:23
[INFO] [stdout]    |
[INFO] [stdout] 21 |     OsStr::new(value).encode_wide().chain(once(0)).collect()
[INFO] [stdout]    |                       ^^^^^^^^^^^ method not found in `&OsStr`
[INFO] [stdout] 
[INFO] [stdout] 
[INFO] [stdout] error: aborting due to 7 previous errors
[INFO] [stdout] 
[INFO] [stdout] 
[INFO] [stdout] Some errors have detailed explanations: E0432, E0433, E0599.
[INFO] [stdout] 
[INFO] [stdout] For more information about an error, try `rustc --explain E0432`.
[INFO] [stdout] 
[INFO] [stderr] error: could not compile `bbc`.
[INFO] [stderr] 
[INFO] [stderr] To learn more, run the command again with --verbose.
[INFO] [stderr] warning: build failed, waiting for other jobs to finish...
[INFO] [stdout] error[E0599]: no method named `encode_wide` found for reference `&OsStr` in the current scope
[INFO] [stdout]   --> src/main.rs:21:23
[INFO] [stdout]    |
[INFO] [stdout] 21 |     OsStr::new(value).encode_wide().chain(once(0)).collect()
[INFO] [stdout]    |                       ^^^^^^^^^^^ method not found in `&OsStr`
[INFO] [stdout] 
[INFO] [stdout] 
[INFO] [stdout] error: aborting due to 7 previous errors
[INFO] [stdout] 
[INFO] [stdout] 
[INFO] [stdout] Some errors have detailed explanations: E0432, E0433, E0599.
[INFO] [stdout] 
[INFO] [stdout] For more information about an error, try `rustc --explain E0432`.
[INFO] [stdout] 
[INFO] [stderr] error: build failed
[INFO] running `Command { std: "docker" "inspect" "0138f7813b094b6e6773aa6f51e2ef8d251210397fe4f233d8f1e0595e5a4afe", kill_on_drop: false }`
[INFO] running `Command { std: "docker" "rm" "-f" "0138f7813b094b6e6773aa6f51e2ef8d251210397fe4f233d8f1e0595e5a4afe", kill_on_drop: false }`
[INFO] [stdout] 0138f7813b094b6e6773aa6f51e2ef8d251210397fe4f233d8f1e0595e5a4afe
